{"version":"1.0","provider_name":"Max Anim","provider_url":"https:\/\/portail-animation.ufcv.fr\/periscolaire-maxeville","author_name":"smouzon","author_url":"https:\/\/portail-animation.ufcv.fr\/periscolaire-maxeville\/author\/smouzon\/","title":"La p'tite cabane - Max Anim","type":"rich","width":600,"height":338,"html":"<blockquote class=\"wp-embedded-content\" data-secret=\"OOUAnJ2ICB\"><a href=\"https:\/\/portail-animation.ufcv.fr\/periscolaire-maxeville\/2024\/03\/20\/la-ptite-cabane\/\">La p&rsquo;tite cabane<\/a><\/blockquote><iframe sandbox=\"allow-scripts\" security=\"restricted\" src=\"https:\/\/portail-animation.ufcv.fr\/periscolaire-maxeville\/2024\/03\/20\/la-ptite-cabane\/embed\/#?secret=OOUAnJ2ICB\" width=\"600\" height=\"338\" title=\"\u00ab\u00a0La p&rsquo;tite cabane\u00a0\u00bb &#8212; Max Anim\" data-secret=\"OOUAnJ2ICB\" frameborder=\"0\" marginwidth=\"0\" marginheight=\"0\" scrolling=\"no\" class=\"wp-embedded-content\"><\/iframe><script type=\"text\/javascript\">\n\/* <![CDATA[ *\/\n\/*! This file is auto-generated *\/\n!function(d,l){\"use strict\";l.querySelector&&d.addEventListener&&\"undefined\"!=typeof URL&&(d.wp=d.wp||{},d.wp.receiveEmbedMessage||(d.wp.receiveEmbedMessage=function(e){var t=e.data;if((t||t.secret||t.message||t.value)&&!\/[^a-zA-Z0-9]\/.test(t.secret)){for(var s,r,n,a=l.querySelectorAll('iframe[data-secret=\"'+t.secret+'\"]'),o=l.querySelectorAll('blockquote[data-secret=\"'+t.secret+'\"]'),c=new RegExp(\"^https?:$\",\"i\"),i=0;i<o.length;i++)o[i].style.display=\"none\";for(i=0;i<a.length;i++)s=a[i],e.source===s.contentWindow&&(s.removeAttribute(\"style\"),\"height\"===t.message?(1e3<(r=parseInt(t.value,10))?r=1e3:~~r<200&&(r=200),s.height=r):\"link\"===t.message&&(r=new URL(s.getAttribute(\"src\")),n=new URL(t.value),c.test(n.protocol))&&n.host===r.host&&l.activeElement===s&&(d.top.location.href=t.value))}},d.addEventListener(\"message\",d.wp.receiveEmbedMessage,!1),l.addEventListener(\"DOMContentLoaded\",function(){for(var e,t,s=l.querySelectorAll(\"iframe.wp-embedded-content\"),r=0;r<s.length;r++)(t=(e=s[r]).getAttribute(\"data-secret\"))||(t=Math.random().toString(36).substring(2,12),e.src+=\"#?secret=\"+t,e.setAttribute(\"data-secret\",t)),e.contentWindow.postMessage({message:\"ready\",secret:t},\"*\")},!1)))}(window,document);\n\/* ]]> *\/\n<\/script>\n","description":"R\u00e9unis chaque semaine au Max Anim, les maternelles se retrouvent avec Cyril, grand sp\u00e9cialiste de la for\u00eat, pour fabriquer une cabane. Lieu de repos \u00e0 venir, o\u00f9 les enfants pourront profiter, \u00e9changer leurs secrets, et continuer \u00e0 grandir! Comme vous [&hellip;]","thumbnail_url":"https:\/\/portail-animation.ufcv.fr\/periscolaire-maxeville\/wp-content\/uploads\/sites\/252\/2024\/03\/photo1710520479-6-3-576x1024.jpeg"}

Réunis chaque semaine au Max Anim, les maternelles se retrouvent avec Cyril, grand spécialiste de la forêt, pour fabriquer une cabane. Lieu de repos à venir, où les enfants pourront profiter, échanger leurs secrets, et continuer à grandir! Comme vous [&hellip;]
